t y = 17400 - 17382. What is the greatest common factor of 8550 and y?
18
Suppose 3*h - 5*w = -138 + 85, -4*w = -2*h - 38. Let r = 2 + -8. Let v = r - h. What is the highest common divisor of v and 35?
5
Let l be (-1984)/(-1488) + (1508/(-3))/(-1). What is the highest common factor of 96 and l?
24
Suppose 30*y - 25*y - 87 = 133. What is the greatest common factor of y and 814?
22
Let f = 17769 - 17180. What is the highest common factor of f and 114?
19
Let o(d) be the first derivative of d**3/3 + 4*d**2 + 10*d + 28. Let p be o(-7). Calculate the greatest common divisor of p and 48.
3
Let j(u) = -34*u + 994. Let s be j(29). Calculate the greatest common divisor of s and 436.
4
Let l(d) = 5*d**3 - 2*d**2 - 36*d + 243. Let k be l(14). What is the greatest common factor of k and 73?
73
Let j = -337 - -235. Let x = j - -126. Calculate the greatest common divisor of x and 168.
24
Let c be ((-4)/3)/((-6)/9). Suppose -979 = 8*v - 1067. Let j be (-8*v/(-12))/(c/3). What is the highest common divisor of j and 44?
11
Let f = 9857 + -9828. What is the greatest common divisor of f and 1421?
29
Let c be 2984/(-120) + (-10)/75. Let y = 79 - c. What is the greatest common factor of y and 13?
13
Let c(w) = 10 - 81*w**2 - 11*w + 1241*w**3 + 46*w**2 + 37*w**2. Let m be c(1). What is the highest common divisor of 69 and m?
69
Let g(r) = -3*r**2 - 17*r - 40. Let h(c) = -8*c**2 - 50*c - 120. Let u(l) = 11*g(l) - 4*h(l). Let k be u(15). Calculate the greatest common factor of 20 and k.
10
Let n be ((-6)/(-9))/((-1)/(-30)). Let b = -368 + 388. Suppose -5*v = -t - b, 30*v + 5*t = 28*v + 8. What is the greatest common divisor of n and v?
4
Let b be 3 - 0 - (1 - 0). Suppose 22*s = 24*s. Suppose s = b*l - 13 - 23. Calculate the greatest common factor of l and 12.
6
Let g be 48/(-8) - (0 + -68). Suppose 39*k - g*k = -16146. Calculate the highest common factor of k and 26.
26
Let h = -1504 - -1735. Let f(s) = -19*s - 101. Let m be f(-14). Calculate the greatest common divisor of h and m.
33
Suppose -4*t + g + 1 = 0, -4*t + 5*g + 1 - 12 = 0. Suppose 3*v - 89 - t = 0. Let j be ((-7)/5)/(7462/(-53300)). What is the highest common factor of v and j?
10
Let a be (-2)/4*(10 - 318). Suppose -4*k - 3*g - 2*g + a = 0, k + 3*g = 42. Let b be (-8)/k + (-634)/(-18). Calculate the greatest common divisor of 70 and b.
35
Suppose 0 = 5*j - 159*y + 163*y - 463, -j + 99 = 4*y. Calculate the greatest common factor of 1547 and j.
91
Let i(b) = -2*b**3 - 125*b**2 + 63*b + 5. Let c be i(-63). What is the highest common divisor of 2330 and c?
5
Let j(g) = 2*g**3 + 8*g**2 + g + 24. Suppose -54*m = -808 + 322. Let o be j(m). Calculate the greatest common divisor of 93 and o.
93
Suppose -1591 - 8089 = -110*g. Calculate the greatest common divisor of g and 341.
11
Let d(g) = 11*g**2 + 2*g - 1. Let q be d(1). Let p be (q - (-16)/(-4))*4. Let t = -1007 - -1055. Calculate the highest common divisor of p and t.
16
Let h be (-4)/6*2475/(-66) + 7. Suppose 0 = -6*q - 0*q + 240. What is the highest common divisor of q and h?
8
Let u(w) = -w**3 + 30*w**2 - 81*w - 6. Let i be u(27). Let c be -10 - -2 - i - -58. Suppose -49 - 119 = -4*a. What is the highest common divisor of a and c?
14
Let p be (-4)/(-18) + 64/36. Suppose -6*f - 4*f = 2*f. Suppose 28 = p*s - f*s. What is the highest common divisor of s and 35?
7
Suppose j = 3*g + 70 + 43, -2*g - 70 = 2*j. Suppose -578 = -32*v + 894. Let c = g + v. What is the greatest common factor of c and 27?
9
Let f be (-1840)/(-130) + 2/(-13). Let d = -113 + -95. Let l = d + 229. Calculate the greatest common divisor of f and l.
7
Suppose -4*u + 5*u - 61 = 0. Suppose -2*s + 259 = u. Let p(c) = 315*c + 4421. Let x be p(-14). Calculate the highest common factor of x and s.
11
Suppose -5*o - 829 = -r, 4*r + 206 - 57 = -o. Let t = 233 + o. Let s = t - 47. Calculate the highest common factor of s and 189.
21
Let c(h) = -9*h**2 + 1. Let g be 12/9*(-6)/4. Let b be c(g). Let s = 39 + b. What is the greatest common divisor of s and 2?
2
Let v = 118 + -116. Let d be 2 + 1 - v*54/(-12). Calculate the greatest common factor of d and 30.
6
Suppose -93 = -k - 4*y, -37*k + 35*k + 4*y = -246. What is the greatest common divisor of 14464 and k?
113
Let a(t) = -t**2 - 28*t + 20. Let u = 231 + -259. Let g be a(u). What is the highest common factor of 45 and g?
5
Let c(d) = 2*d + 5. Let n be ((-12)/(-8) - 0)*2. Let u be c(n). Let w be -6 - (-8)/(-16)*-78. Calculate the highest common divisor of u and w.
11
Let r be ((-42)/(-6) + (3 - 4))*11. Suppose 3*p + 4 = 4*p, -3*s = 3*p - r. What is the highest common divisor of s and 144?
18
Suppose 236 = 2*u + v, 50*u = 47*u + 3*v + 372. Calculate the greatest common factor of u and 87.
3
Let n(g) = -g**2 - 15*g - 50. Let w be n(-8). Let q be w/(-4) - 90/(-4). Suppose 67 = 2*u - 59. What is the highest common divisor of u and q?
21
Let j = -3153 - -3797. What is the greatest common factor of j and 1012?
92
Let x(n) = -n**3 + n**2 - n - 2. Let p be x(2). Let v = p + 18. Let z be 31/2 + 5/v. Calculate the greatest common factor of z and 8.
8
Suppose -u - 17 = -19. Suppose -5*q = -u*f + 257, -4*f = -0*f + 5*q - 439. Calculate the greatest common factor of 406 and f.
58
Suppose 2*q - 2*r = -0*q + 26, -q - 5*r + 43 = 0. Suppose 3*p = 3, v - 6*v - 2*p = 518. Let b = v + 106. Calculate the highest common factor of q and b.
2
Let s be 23934/15 + 339/(-565). What is the greatest common divisor of 145 and s?
145
Let u be ((-3)/2)/(2/(-136)). Suppose 13*m + 4731 = 32*m. Suppose -5*t - 3*f = -m, -2*t + f + 53 = -t. What is the highest common divisor of u and t?
51
Let w be 2/(-4) - (-66)/4. Suppose -g + 19 + w = 0. Suppose -v + g = -y - 0*y, -145 = -5*v - 5*y. What is the greatest common divisor of 8 and v?
8
Let v(f) = -57747*f**3 - 2*f**2 + 31*f + 32. Let w be v(-1). What is the highest common factor of w and 26?
26
Let u be -8 + 91 + (-7 - 4). What is the greatest common factor of u and 396?
36
Suppose -16*m + 8*m + 48 = 0. Let q be ((-18)/(m + 0))/((-1)/1). Suppose 4*n - q*n - 44 = 0. Calculate the highest common divisor of 4 and n.
4
Suppose -3*a + 8 - 14 = 0. Let l be ((-2)/1 - a) + 4. Suppose 4*f - 21 = -5*z - 1, -2*f + l*z + 36 = 0. Calculate the highest common factor of f and 2.
2
Let t = -60 + 310. Let o = t + -232. Calculate the greatest common divisor of 54 and o.
18
Suppose 3*b - 16 = -22. Let c be 33*b/3*(-9)/6. Suppose t - c = 33. Calculate the greatest common factor of 33 and t.
33
Suppose d = -t + 5*t + 29, 2*t + 10 = 0. Suppose 1625 + 760 = d*w. Suppose 25 - w = -6*j. What is the highest common divisor of j and 10?
10
Let n = 10323 + -10290. Calculate the highest common divisor of n and 231.
33
Suppose -s - 74 = 5*w - 9*w, w + 2*s - 23 = 0. Let g = 41 - w. Calculate the greatest common factor of g and 66.
22
Suppose 10*i = -2*v + 716, -3*v - 132 = -5*i + 234. What is the highest common divisor of i and 144?
72
Let v(z) = -z**2 - 89*z + 812. Let p be v(-97). Calculate the greatest common divisor of 1348 and p.
4
Let l be -2 - (-25)/(475/34276). What is the highest common factor of l and 136?
34
Let a be (-5)/(5/(-14)) + -4. Suppose 4*j + a - 6 = 0. Let m be (-120)/j*(-10 - -6 - -5). Calculate the greatest common factor of m and 48.
24
Let c be 6*39*(-15)/(-10). Suppose 4134 = 342*p - 236*p. What is the highest common factor of c and p?
39
Let v(x) = -x**3 + 11*x**2 + 10*x + 22. Let y be v(12). Let h be (-3)/1 + (4 - 1) - y. What is the highest common divisor of h and 2?
2
Let l be (4 + 10)*-1*(-2)/(-4)*-2. Calculate the highest common factor of l and 224.
14
Suppose -45*d - 1071 = -96*d. Calculate the greatest common factor of d and 3234.
21
Suppose -6*o + 1275 = -o. Let k be (697/(-205))/((-15)/225). What is the greatest common factor of o and k?
51
Let r be 1808268/660 - (-1)/5. What is the greatest common divisor of r and 40?
20
Suppose -48911 = -13*c - 16112. What is the greatest common divisor of 29 and c?
29
Let p = -29 + 30. Let g(l) = 20*l**2 + 11*l - 5. Let m be g(p). Suppose 5*d = -206 + 1246. Calculate the highest common divisor of d and m.
26
Suppose 13*m = 8*m + 25. Let t be 136/204 - (-1120)/3. Let g = t - 364. Calculate the greatest common factor of m and g.
5
Suppose 72*d = 102798 + 187002. What is the highest common divisor